divided by 551?
1
Calculate the remainder when 66917 is divided by 3186.
11
What is the remainder when 87658 is divided by 20?
18
What is the remainder when 4695 is divided by 2285?
125
What is the remainder when 64041 is divided by 112?
89
Calculate the remainder when 19485 is divided by 96.
93
Calculate the remainder when 601030 is divided by 54633.
67
Calculate the remainder when 764 is divided by 41.
26
What is the remainder when 3635 is divided by 223?
67
What is the remainder when 30452 is divided by 554?
536
What is the remainder when 2612 is divided by 1303?
6
What is the remainder when 14279 is divided by 2741?
574
Calculate the remainder when 47803 is divided by 62.
1
Calculate the remainder when 9927 is divided by 9825.
102
What is the remainder when 706345 is divided by 331?
322
Calculate the remainder when 377 is divided by 336.
41
Calculate the remainder when 434 is divided by 384.
50
Calculate the remainder when 9554 is divided by 962.
896
What is the remainder when 5326 is divided by 2632?
62
What is the remainder when 897 is divided by 151?
142
Calculate the remainder when 71095 is divided by 2539.
3
Calculate the remainder when 176981 is divided by 50.
31
Calculate the remainder when 378136 is divided by 140.
136
What is the remainder when 2867 is divided by 571?
12
Calculate the remainder when 1008 is divided by 120.
48
Calculate the remainder when 491076 is divided by 28.
12
What is the remainder when 16530 is divided by 188?
174
What is the remainder when 3387 is divided by 3364?
23
Calculate the remainder when 2919 is divided by 723.
27
Calculate the remainder when 1085 is divided by 157.
143
Calculate the remainder when 12901 is divided by 1432.
13
What is the remainder when 16990 is divided by 9?
7
Calculate the remainder when 2170 is divided by 55.
25
Calculate the remainder when 366558 is divided by 241.
238
Calculate the remainder when 109212 is divided by 1820.
12
Calculate the remainder when 9106 is divided by 132.
130
What is the remainder when 1847 is divided by 74?
71
What is the remainder when 127935 is divided by 20?
15
What is the remainder when 636 is divided by 324?
312
What is the remainder when 49 is divided by 44?
5
Calculate the remainder when 4926 is divided by 6.
0
Calculate the remainder when 734 is divided by 35.
34
What is the remainder when 310 is divided by 107?
96
What is the remainder when 6317 is divided by 310?
117
What is the remainder when 14928 is divided by 3644?
352
Calculate the remainder when 5750 is divided by 957.
8
What is the remainder when 1357 is divided by 26?
5
What is the remainder when 8177 is divided by 263?
24
What is the remainder when 105480 is divided by 33?
12
What is the remainder when 3774 is divided by 1132?
378
What is the remainder when 165276 is divided by 37?
34
What is the remainder when 1446350 is divided by 78?
74
Calculate the remainder when 5294 is divided by 2639.
16
Calculate the remainder when 61557 is divided by 55.
12
Calculate the remainder when 50324 is divided by 8379.
50
Calculate the remainder when 2664262 is divided by 888087.
1
Calculate the remainder when 63920 is divided by 2663.
8
What is the remainder when 973 is divided by 483?
7
Calculate the remainder when 189259 is divided by 67.
51
Calculate the remainder when 53949 is divided by 13468.
77
What is the remainder when 183831 is divided by 31?
1
What is the remainder when 3593738 is divided by 16?
10
What is the remainder when 6073 is divided by 156?
145
Calculate the remainder when 9333 is divided by 4656.
21
What is the remainder when 19586 is divided by 9790?
6
What is the remainder when 24089 is divided by 150?
89
What is the remainder when 12036 is divided by 2406?
6
What is the remainder when 18206 is divided by 18200?
6
Calculate the remainder when 325787 is divided by 763.
749
What is the remainder when 3974 is divided by 514?
376
Calculate the remainder when 5910 is divided by 40.
30
What is the remainder when 88333 is divided by 29434?
31
Calculate the remainder when 3697 is divided by 739.
2
Calculate the remainder when 1439 is divided by 65.
9
What is the remainder when 2183 is divided by 632?
287
What is the remainder when 5695 is divided by 440?
415
What is the remainder when 1769 is divided by 266?
173
Calculate the remainder when 30264 is divided by 6045.
39
What is the remainder when 1023029 is divided by 270?
269
Calculate the remainder when 17305 is divided by 111.
100
What is the remainder when 26731 is divided by 17?
7
What is the remainder when 18940 is divided by 6227?
259
What is the remainder when 150572 is divided by 6022?
22
What is the remainder when 2375 is divided by 589?
19
What is the remainder when 721211 is divided by 240?
11
Calculate the remainder when 47349 is divided by 55.
49
What is the remainder when 99424 is divided by 231?
94
Calculate the remainder when 101641 is divided by 518.
113
What is the remainder when 131562 is divided by 277?
264
Calculate the remainder when 236988 is divided by 716.
708
Calculate the remainder when 14290 is divided by 77.
45
Calculate the remainder when 48380 is divided by 84.
80
Calculate the remainder when 23348 is divided by 299.
26
Calculate the remainder when 1551 is divided by 277.
166
What is the remainder when 7573 is divided by 10?
3
Calculate the remainder when 13534 is divided by 319.
136
Calculate the remainder when 4606 is divided by 500.
106
What is the remainder when 445997 is divided by 400?
397
Calculate the remainder when 614289 is divided by 711.
696
What is the remainder when 35389 is divided by 35354?
35
Calculate the remainder when 50756 is divided by 306.
266
Calculate the remainder when 508198 is divided by 440.
438
Calculate the remainder when 4014 is divided by 25.
14
Calculate the remainder when 10396 is divided by 18.
10
Calculate the remainder when 14227 is divided by 847.
675
Calculate the remainder when 114219 is divided by 135.
9
What is the remainder when 32269 is divided by 49?
27
Calculate the remainder when 1309 is divided by 6.
1
What is the remainder when 59071 is divided by 9836?
55
Calculate the remainder when 175354 is divided by 12.
10
What is the remainder when 23435 is divided by 195?
35
What is the remainder when 560047 is divided by 48?
31
Calculate the remainder when 750283 is divided by 528.
523
Calculate the remainder when 18155 is divided by 55.
5
Calculate the remainder when 20772 is divided by 6718.
618
What is the remainder when 5936 is divided by 1185?
11
Calculate the remainder when 94463 is divided by 24.
23
Calculate the remainder when 13953 is divided by 13220.
733
What is the remainder when 1328937 is divided by 26?
25
What is the remainder when 6405 is divided by 14?
7
What is the remainder when 1521 is divided by 47?
17
What is the remainder when 39233 is divided by 957?
953
Calculate the remainder when 90654 is divided by 122.
8
What is the remainder when 19005 is divided by 11?
8
Calculate the remainder when 225062 is divided by 416.
6
What is the remainder when 75957 is divided by 37972?
13
Calculate the remainder when 504330 is divided by 6.
0
What is the remainder when 706 is divided by 672?
34
Calculate the remainder when 810853 is divided by 11.
10
What is the remainder when 21525 is divided by 331?
10
Calculate the remainder when 877909 is divided by 906.
901
What is the remainder when 19051 is divided by 4754?
35
Calculate the remainder when 206 is divided by 49.
10
What is the remainder when 110992 is divided by 24?
16
Calculate the remainder when 507 is divided by 480.
27
Calculate the remainder when 101085 is divided by 1233.
1212
What is the remainder when 65882 is divided by 21944?
50
Calculate the remainder when 32269 is divided by 32201.
68
Calculate the remainder when 101239 is divided by 16873.
1
Calculate the remainder when 10539 is divided by 479.
1
Calculate the remainder when 11020 is divided by 1361.
132
Calculate the remainder when 173085 is divided by 369.
24
Calculate the remainder when 35113 is divided by 638.
23
What is the remainder when 11781 is divided by 406?
7
Calculate the remainder when 1123 is divided by 240.
163
Calculate the remainder when 253737 is divided by 19.
11
Calculate the remainder when 119513 is divided by 16